 be n(4). What is the greatest common factor of z and 8?
1
Let j = 99 + -83. What is the greatest common divisor of j and 16?
16
Let b be (-13 - -9)/((-2)/4). Calculate the highest common factor of 64 and b.
8
Let l be (18/(-21))/(1/(-42)). Calculate the highest common factor of l and 24.
12
Let w(h) = -h + 18. Let q be w(8). Let b be 3/(4/((-16)/(-6))). Suppose -n - 80 = -b*n. What is the greatest common divisor of q and n?
10
Let y = 25 + -17. Suppose -12 = -0*z - 3*z. Suppose 0 = z*l + 5 - 101. What is the highest common factor of l and y?
8
Let u = -9 + 18. Calculate the highest common divisor of 27 and u.
9
Let z = 3 + 5. Let p = 42 - -46. What is the highest common divisor of p and z?
8
Let a = 292 - 132. Calculate the greatest common divisor of a and 5.
5
Let f(q) = q**2 - 6*q - 4. Let y be f(-4). What is the highest common factor of y and 4?
4
Suppose -4*a - 66 = -5*b, 2*b = 4*b - 4*a - 36. Let q = 0 - -1. Let t be (q + 14)/(3/4). What is the highest common factor of b and t?
10
Let n be 1*40 + 54/(-18). Calculate the greatest common divisor of n and 259.
37
Suppose -20 = -5*v, -14 = 5*t - 2*v + v. Let n be t/(-6) + (-28)/(-6). Let r = 12 - n. What is the highest common divisor of r and 7?
7
Let k = -95 - -122. What is the highest common factor of 189 and k?
27
Suppose 4*b - 2 = -3*y, 5*y = 2*b - 2 + 14. Let t be (-128)/2*b/2. Calculate the greatest common factor of t and 16.
16
Let u = -540 + 975. Let j = u + -195. Calculate the highest common divisor of j and 30.
30
Suppose 9*f + 56 = 11*f. Let y = 50 + -8. Calculate the greatest common divisor of y and f.
14
Let u = 22 - 17. Suppose -3 = 2*a + 4*i - u*i, -i + 8 = 3*a. Suppose 4*l - 27 = 9. What is the greatest common divisor of a and l?
1
Let h(x) = 3*x - 8. Let b be h(-8). Let r = b - -64. Let q be -5 + 8 - (-45)/1. Calculate the greatest common factor of r and q.
16
Let j(n) = -n**3 - 6*n**2 + 7*n - 12. Let l be j(-8). What is the greatest common factor of 60 and l?
60
Let c(g) = -g**3 - 8*g**2 - 4*g - 8. Let b be c(-8). Let z = b + -48. Let m = z + 34. What is the greatest common divisor of 10 and m?
10
Let m = 307 + -216. Let n(s) = s - 2. Let h be n(3). Let c = 12 + h. Calculate the greatest common factor of c and m.
13
Let z = 29 - 26. What is the highest common factor of z and 15?
3
Suppose 0 = 4*i + 5*m - 3*m - 74, 0 = 4*i + 5*m - 89. Suppose -2*r = r. Let v be 2 + (2 - 2) + r. What is the greatest common factor of v and i?
2
Let t = 15 + -10. Suppose -3*c + 27 = 3*w - 2*w, t*c = -3*w + 97. Let z(o) = -12*o + 1. Let m be z(-1). What is the greatest common factor of m and w?
13
Let o(x) = 2*x**2 - 4*x + 7. Let s be o(3). What is the highest common factor of s and 91?
13
Let d be 4/(-10) + 52/5. Calculate the highest common factor of 30 and d.
10
Let z(g) = 26*g + 8. Let f be z(9). Let t be (2 - 1)/(2/f). What is the greatest common factor of 11 and t?
11
Suppose 24 = 2*v - 4*v. Let g be (-1292)/(-18) - v/54. Calculate the greatest common divisor of 18 and g.
18
Suppose -4*v + 3*c + 444 = 0, 2*c + 3 - 103 = -v. Calculate the greatest common factor of 4 and v.
4
Let f(h) = -18*h - 6. Let r be f(-4). Calculate the greatest common divisor of 22 and r.
22
Let t be (-11 - -11) + 65*1. What is the greatest common factor of 13 and t?
13
Suppose -4*f - 34 = -3*c, f - 3*f = 3*c - 64. Let z be (-1)/(-2)*0/(-2). Let m be (1 - (-1 + z)) + 43. Calculate the highest common divisor of c and m.
9
Let u(m) = 2*m + 1. Let w be u(1). Suppose -5*d - 5*s = -45, s + 3*s = w*d - 55. Calculate the greatest common divisor of 52 and d.
13
Let s(m) = m**2 + 70. Let d = 0 - 0. Let j be s(d). What is the highest common divisor of 10 and j?
10
Let f be (2/(-4))/(3/36). Let z(q) = q**3 + 7*q**2 - q - 6. Let y be z(f). Let r(d) = d + 90. Let l be r(0). What is the greatest common divisor of y and l?
18
Let m(p) = p**3 - p**2 - p + 1. Let n be m(1). Suppose 0 = -n*r + 3*r - 72. What is the highest common factor of 16 and r?
8
Let p(a) = 0 + a - 3 - a**2 + 2*a**2. Let r be p(-3). What is the greatest common divisor of r and 30?
3
Suppose -3*y - 243 = -6*y. Calculate the greatest common factor of y and 9.
9
Suppose 16 = -3*o - 3*a + 4, 2*a = -4*o - 6. Let s be 2/(-4)*-8 + o. What is the highest common divisor of s and 40?
5
Suppose -12 = -4*o + 2*n + 12, -2*n - 29 = -5*o. Suppose o*x + 30 = d, -4*x - d - 17 = -2. Let b = 9 + x. Calculate the highest common factor of 2 and b.
2
Let x = 10 + 2. Let b(n) = -n**2 + 8*n. Let f be b(8). Suppose f = 2*h - r - 76, -h + 23 + 29 = -4*r. What is the greatest common factor of h and x?
12
Suppose 4*n + 0*n = -5*g + 62, 0 = -n + 3. Calculate the greatest common divisor of 50 and g.
10
Suppose -4*y + 0*t + 8 = -t, 5*t + 8 = 4*y. What is the highest common factor of y and 22?
2
Let k(j) = -15*j - 118. Let s be k(-9). Let i be (-2 + 5 + -2)*85. Calculate the highest common factor of i and s.
17
Let v be 8/5 + 6/(-10). Suppose 0 = -3*f + 2*d - 3, -f + 0*d = 4*d - 13. Calculate the highest common divisor of f and v.
1
Suppose 71 = -4*o + 3*n + 323, -5*o + 316 = -4*n. What is the highest common divisor of o and 40?
20
Let d be (11 - 17)/((-3)/2). Suppose -2*b - 96 = -x, d*x - 79 - 341 = -b. What is the greatest common factor of 13 and x?
13
Suppose 3*v - 2*x - 298 = 0, 2*v = 4*v - 5*x - 195. What is the greatest common divisor of 20 and v?
20
Suppose -42 = -c + o, -o + 138 = 3*c + 2*o. Let s be (-16)/6*3/(-2). What is the greatest common factor of c and s?
4
Let w(f) be the first derivative of f**3/3 - 4*f**2 - 15*f + 1. Let a be w(11). Calculate the greatest common factor of a and 6.
6
Let y = -244 + 147. Let v = 214 + y. Calculate the greatest common divisor of v and 13.
13
Suppose 5*k - 29 = 196. Let v = -27 + 11. Let q = v + 46. Calculate the greatest common factor of q and k.
15
Let d = 42 + 49. Calculate the greatest common divisor of d and 13.
13
Suppose 6*b + 15 = 7*b. Suppose l + l - 30 = 0. Calculate the greatest common factor of b and l.
15
Suppose 0 = -n + 3*k - 3, -2*n = 3*k - 30. What is the greatest common divisor of n and 63?
9
Suppose n = 2 - 0. Suppose 12 = 2*m - 2*o + 3*o, n*m - 8 = -3*o. Let p(a) = -a**2 + 15*a. Let l be p(14). What is the greatest common divisor of m and l?
7
Let w(n) = -n**2 + n + 2. Let v be 3 + (-9)/(-1 - -4). Let y be w(v). Suppose -y*l = 4*i - 3*l - 11, 3*l = -9. Calculate the highest common factor of i and 22.
2
Let z be -2*(3 + -2 + 1). Let k be (-7)/(-2) + (-2)/z. What is the highest common divisor of k and 8?
4
Let k(u) = -3*u + u - 8*u - 8 + u. Let z be k(-4). What is the greatest common divisor of z and 42?
14
Let j(s) = s + 1. Let y(h) = 2*h. Let q(v) = 3*j(v) - y(v). Let z be q(3). What is the highest common factor of z and 12?
6
Suppose -89 = -5*v + 3*m, 2*v - 30 = 2*m + 2*m. Let x = -14 - -52. Calculate the greatest common divisor of x and v.
19
Suppose -164 = -2*n + 4*c, -2*n + 6 = 2*c - 182. Let d be (n/10)/(3/16). Calculate the greatest common factor of d and 12.
12
Suppose -36 = -5*w + 19. What is the highest common factor of 11 and w?
11
Suppose d + 245 = 4*c, d - 3*d = 3*c - 170. Calculate the greatest common divisor of 40 and c.
20
Suppose z - 5 = 16. Let n = z - 9. What is the greatest common divisor of 60 and n?
12
Suppose 8*z - 61 = 4*z - i, -3*i - 25 = -z. What is the greatest common factor of 4 and z?
4
Let r(o) = -12*o - 1. Let w be r(-1). What is the greatest common factor of 44 and w?
11
Suppose 0*s + a = -4*s + 44, -5*a = -2*s. Calculate the highest common factor of 80 and s.
10
Suppose 2*w + 7 = 37. What is the highest common factor of 10 and w?
5
Let g(k) = -2*k**2 + 3*k + 16. Let b(o) = -o. Let n(u) = b(u) - g(u). Let q be n(11). What is the highest common factor of q and 26?
26
Suppose -4*a + 2*u + 0 + 38 = 0, u - 1 = 0. What is the highest common divisor of a and 110?
10
Let k be 4/(-8)*2/(-1). Calculate the highest common divisor of k and 5.
1
Suppose 2*h = -1 + 25. Suppose 0 = -2*a - 2*a + 48. Calculate the highest common divisor of h and a.
12
Suppose -a = 3 + 14. Let r = a + 32. Calculate the greatest common divisor of 15 and r.
15
Let q(a) = -a + 1. Let k be q(-7). Let p be (2 - k)/(3/(-2)). Calculate the greatest common factor of 28 and p.
4
Let j = 64 + -47. Suppose 3*b = -2*k + 57, -b + 6*b + 3*